the highest common divisor of a and 18?
6
Let r(i) = -i**2 + 8*i + 3. Let d be r(8). Suppose 5*g = -3*a + a + 266, -2*g - d*a = -113. What is the highest common divisor of g and 13?
13
Let b(x) = -x**3 + x**2 + 9*x + 5. Let h be b(-3). Suppose 3*g - 4 = h. What is the greatest common divisor of 3 and g?
3
Let g = -16 + 19. Let i be (67/3 + -2)*g. Suppose -3*f - 13 = -i. Calculate the highest common divisor of 144 and f.
16
Let u be (-424)/(-4) + (4 - 5). Suppose -30*w = -7*w - 345. Calculate the highest common divisor of w and u.
15
Suppose -8*n + 120 - 32 = 0. Let u(l) = -l**3 + 11*l**2 + 3*l + 6. Let o be u(n). What is the highest common factor of 91 and o?
13
Let z = 787 - 763. What is the highest common divisor of z and 516?
12
Suppose 44 = 5*t - 4*y - 72, 3*t - y - 64 = 0. What is the highest common factor of t and 920?
20
Suppose 22 = -x + 2*x. Suppose 11*v + 718 = 839. What is the greatest common divisor of v and x?
11
Let p be 11/((-110)/(-30)) - -1. What is the greatest common factor of 988 and p?
4
Let b(g) = -5*g + 0*g + g + 0*g + g**3 - 8*g**2. Let a be b(9). What is the greatest common divisor of a and 15?
15
Suppose 0 = -5*x - 15, -36 - 2 = -4*b - 2*x. Let n(p) = p**3 - 12*p**2 + 11*p + 8. Let u be n(b). Let j = 10 + u. What is the highest common factor of 54 and j?
18
Let j(p) = 9*p**2 + 2*p + 2. Let w be j(-2). Suppose 5*b = 196 + 144. Calculate the highest common divisor of w and b.
34
Let v(i) = 37*i - 237. Let n be v(7). Calculate the highest common divisor of n and 616.
22
Let h = -173 - -424. Let z = h - 173. Suppose 2*w - z = -0*w. What is the greatest common factor of 13 and w?
13
Let r(i) = 71*i**2 - 4*i. Let z(j) = -j**3 + j**2 + 2*j - 3. Let h be z(1). Let k be r(h). Calculate the greatest common factor of k and 15.
15
Let f(k) = -k. Let l be f(-2). Let h be (5/(-3))/(l/(-6)). Calculate the highest common divisor of h and 15.
5
Let o be (-4)/(10 + -2) - (-97)/(-2). Let y = o + 55. What is the highest common divisor of 54 and y?
6
Suppose 18*d = -d + 266. Let x(z) = -z**2 + 20*z - 72. Let v be x(d). Suppose 0 = -h + 95 + 13. Calculate the highest common factor of v and h.
12
Let t be ((-2)/(-4))/((-3)/(-1242)). Let n = 76 + -53. What is the highest common divisor of t and n?
23
Let j(u) = -9*u + 8. Let b(q) = -2*q - 15. Let m be b(-10). Let w be j(m). Let t = -21 - w. Calculate the highest common factor of t and 24.
8
Suppose 15*w - 2285 + 80 = 0. What is the greatest common divisor of w and 1715?
49
Let l = 4 + 6. Let t(z) = -z**3 - 2*z**2 + 3*z + 4. Let u be t(0). What is the highest common factor of l and u?
2
Let h = 37 + -26. Let d = h + -9. What is the greatest common factor of 18 and d?
2
Suppose -10 = 2*i + 3*i. Let w = 15 + i. Calculate the greatest common factor of 117 and w.
13
Suppose -2*k + 126 = b - 0*k, -k - 2 = 0. Let q(g) = -g**2 - 7*g + 4. Let v be q(-6). Calculate the highest common divisor of v and b.
10
Let j = 192 + -3. Calculate the greatest common divisor of 84 and j.
21
Let i = -201 - -203. Calculate the greatest common divisor of 14 and i.
2
Suppose -12*d + 2408 + 11860 = 0. What is the greatest common factor of d and 29?
29
Suppose 161 = 17*d - 16*d. What is the greatest common factor of d and 7?
7
Let i = 50 + -33. Calculate the greatest common factor of 170 and i.
17
Let n(y) = -y**3 + 3*y**2 + 0*y + 3*y**2 - 4*y + 3 - y**2. Let h be n(3). Calculate the greatest common factor of 18 and h.
9
Suppose 236*o - 1150 = 226*o. What is the highest common divisor of o and 23?
23
Suppose -121 = -4*s - 7*s. Let z be -33*(14/(-6) - -1). What is the highest common divisor of s and z?
11
Suppose -u + 5*u = -32. Let t be (u/5)/((-10)/1300). Calculate the highest common factor of t and 26.
26
Suppose 4*a - 2*k - 1614 = 0, a = -4*a - 3*k + 2034. What is the greatest common divisor of 90 and a?
45
Let h(a) = -29*a**3 - a**2 + a + 1. Let n(b) = -b**3 + 21*b**2 - 19*b - 21. Let p be n(20). Let i be h(p). What is the highest common divisor of i and 84?
28
Suppose -3*p + 214 = 5*z, 5*p + 0*p = 4*z - 186. Let h = 25 - z. Let q = -13 - h. What is the highest common factor of 2 and q?
2
Suppose -3*k = -2*l - 17, 0*l + 4*l = 3*k - 25. Suppose 35 = k*c - 46. Calculate the greatest common factor of c and 36.
9
Suppose 338*t - 44 = 336*t. Calculate the greatest common factor of 187 and t.
11
Let y be -2 + (4 - 10) + 141. What is the highest common factor of y and 38?
19
Suppose 8*l - 156 + 124 = 0. Let u = 36 - 20. Calculate the highest common factor of l and u.
4
Let v = 2 - -34. Suppose -3*b = 4*h - 116, -v = -4*h + 2*h + 4*b. Suppose -5*x - 10 = 0, -4*t - 2*x + 202 = x. Calculate the highest common factor of h and t.
26
Let z be 36/5*165/66. Let d = 121 + -67. What is the greatest common factor of d and z?
18
Let k(d) = d**2 + 8*d + 6. Let i be (4/2)/(((-38)/8)/19). Let y be k(i). Calculate the greatest common factor of 54 and y.
6
Let l be (0/(-2) - 0) + 106/2. Calculate the greatest common factor of 106 and l.
53
Suppose 3*z = 2*z, -u - 5*z + 23 = 0. Let i = u - 11. Suppose 4*y - i = p, -y + 0*y - 4*p = -3. Calculate the highest common factor of y and 27.
3
Suppose -2*p = -5*d + 29, 5*p - 19 = -5*d - 4. Suppose -l = -5*l + g + 32, -d*l = -g - 40. Let a = -150 + 238. Calculate the highest common divisor of a and l.
8
Let i be 39*(8/28 - 330/(-70)). Calculate the greatest common factor of i and 78.
39
Suppose 9 = 2*m - 5*m, 0 = -3*s - 5*m. Let u(t) = -3*t - 24 + 22 + s*t. Let b be u(15). What is the greatest common divisor of b and 140?
28
Let d(p) = p**2 - 1. Let t = 3 + -3. Let a be d(t). Let i be 74 + -11 - (a - -4). Calculate the greatest common divisor of 24 and i.
12
Let p = -26 + 31. Suppose -34 = -p*g + 3*x + 54, 4*g - 3*x = 68. What is the greatest common factor of g and 30?
10
Let d(z) = 2*z + 7. Let r be d(24). What is the greatest common divisor of 33 and r?
11
Let n be 1*374 - (-13 + 13). Let k = n - 132. Suppose 3*w + 2*b - 233 = 0, -2*b + 637 = 5*w + k. Calculate the highest common divisor of w and 9.
9
Suppose 2*u - 5*y + 88 = 6*u, -2*y + 110 = 5*u. What is the greatest common factor of u and 4?
2
Let j = -2 + 2. Suppose j = -5*z - 5 + 20. Suppose z*f - 25 = -1. Calculate the greatest common divisor of 4 and f.
4
Suppose 4*v + 5*t = v + 40, 2*v + 3*t = 28. What is the highest common divisor of 65 and v?
5
Let z be (20/(-7) + 2)/(2/14). Let r be (-1 + 0)*z - 1. Calculate the highest common divisor of 55 and r.
5
Let y be ((-16)/20)/(4 - 58/15). Let k be 6/(-18) + (-38)/y. What is the highest common factor of 15 and k?
3
Let d(t) = 8*t - t**2 - 19 + 19. Let o be d(6). Suppose -o*i = -7*i - 60. What is the greatest common factor of 12 and i?
12
Let o(y) = -14*y - 3. Let j be o(-2). Suppose 9 = -3*p, 0 = -t + 3*p + 2*p + 55. Let s = t + j. Calculate the greatest common factor of 13 and s.
13
Suppose 3*u - 156 = 4*w, -2*u + 5*w + 79 + 32 = 0. Let n = -14 - -20. Calculate the greatest common divisor of n and u.
6
Suppose 5*s + 201 = 3*y, -5*s - 49 = -y + 18. Suppose -5*v - 73 = -t, 4*t + 0*t = 5*v + y. Let o = v + 34. Calculate the highest common divisor of 57 and o.
19
Let m = 249 - 177. What is the highest common factor of 936 and m?
72
Suppose -2*h = -3*h - 3*l - 6, 5*l + 44 = 4*h. Calculate the highest common factor of 438 and h.
6
Let h(b) = 25 - 4 - 1 + 8*b + 3*b**3 - 2*b**3 + 7*b**2. Let q be h(-6). What is the highest common divisor of q and 2?
2
Let d(i) = -24*i + 512. Let g be d(17). What is the highest common factor of 3 and g?
1
Let x(h) = h**3 - 13*h**2 + 10*h + 41. Let a be x(12). Calculate the highest common factor of 527 and a.
17
Suppose 54*x - 24 = 46*x. What is the highest common divisor of 81 and x?
3
Suppose 2*r - r + 2*c = 74, 276 = 4*r + 3*c. Let w = r - 17. Calculate the highest common divisor of w and 7.
7
Let i be (0 + -2)*(-11 - -13). Let o be 45/60 + (-105)/i. Suppose 0 = 8*v - 5*v - o. What is the greatest common factor of 27 and v?
9
Suppose -j + 6*x - 3*x + 396 = 0, -2*j = -4*x - 788. What is the greatest common factor of j and 30?
30
Let a(d) = -5*d**3 - 13*d**2 - 12*d - 12. Let f(x) = -x**3. Let o(z) = a(z) - 6*f(z). Let g be o(14). What is the greatest common factor of 112 and g?
16
Let n be 63/147 + 288/14. Let b be (3 - 1)/((-6)/21). Let w = b + n. Calculate the gre